{"id":35,"date":"2022-02-08T09:35:21","date_gmt":"2022-02-08T08:35:21","guid":{"rendered":"http:\/\/tmkg.de\/wordpress\/?page_id=35"},"modified":"2022-02-08T09:35:21","modified_gmt":"2022-02-08T08:35:21","slug":"impressum","status":"publish","type":"page","link":"https:\/\/tmkg.de\/wordpress\/impressum\/","title":{"rendered":"Impressum"},"content":{"rendered":"<table border=\"0\" cellspacing=\"0\" cellpadding=\"0\">\n<tbody>\n<tr>\n<td width=\"600\">TM GmbH &amp; Co. KG<br \/>\nElektrische Industrieausr\u00fcstungen<br \/>\nFriedrich-List-Allee 66<br \/>\nD-41844 Wegberg-Wildenrath<\/td>\n<\/tr>\n<\/tbody>\n<\/table>\n<table border=\"0\" cellspacing=\"0\" cellpadding=\"0\">\n<tbody>\n<tr>\n<td width=\"600\">\n<table border=\"0\" cellspacing=\"0\" cellpadding=\"0\">\n<tbody>\n<tr>\n<td width=\"80\">\nFon:<\/td>\n<td>\n+49 (0) 2432 &#8211; 49120-0<\/td>\n<\/tr>\n<tr>\n<td>Fax:<\/td>\n<td>+49 (0) 2432 &#8211; 49120-20<\/td>\n<\/tr>\n<tr>\n<td>E-mail:<\/td>\n<td><a class=\"gruen\" href=\"mailto:info@tmkg.de\">info@tmkg.de<\/a><\/td>\n<\/tr>\n<tr>\n<td>Internet:<\/td>\n<td><a class=\"gruen\" href=\"http:\/\/www.tmkg.de\/\">http:\/\/www.tmkg.de<\/a><\/td>\n<\/tr>\n<\/tbody>\n<\/table>\n<\/td>\n<\/tr>\n<\/tbody>\n<\/table>\n<table border=\"0\" cellspacing=\"0\" cellpadding=\"0\">\n<tbody>\n<tr>\n<td width=\"600\">\nPers\u00f6nlich haftende Gesellschafterin:<br \/>\nTM Verwaltungs GmbH<br \/>\nSitz: Viersen<br \/>\nReg.-Gericht M\u00f6nchengladbach HRB 10696<\/td>\n<\/tr>\n<\/tbody>\n<\/table>\n<table border=\"0\" cellspacing=\"0\" cellpadding=\"0\">\n<tbody>\n<tr>\n<td width=\"600\">\n<table border=\"0\" cellspacing=\"0\" cellpadding=\"0\">\n<tbody>\n<tr>\n<td width=\"120\">\nGesch\u00e4ftsf\u00fchrer:<\/td>\n<td>\nPeter Janisch<\/td>\n<\/tr>\n<tr>\n<td><\/td>\n<td>Wilfried Mengeler<\/td>\n<\/tr>\n<tr>\n<td colspan=\"2\"><img loading=\"lazy\" src=\"https:\/\/tmkg.de\/images\/1pixel.gif\" width=\"1\" height=\"10\" border=\"0\" \/><\/td>\n<\/tr>\n<\/tbody>\n<\/table>\n<\/td>\n<\/tr>\n<\/tbody>\n<\/table>\n<table border=\"0\" cellspacing=\"0\" cellpadding=\"0\">\n<tbody>\n<tr>\n<td width=\"600\">\nRechtsform: Kommanditgesellschaft<br \/>\nSitz: Viersen<br \/>\nReg.-Gericht M\u00f6nchengladbach HRA 5528:<\/p>\n<p>Ust.Id-Nr.: DE226956742<\/p>\n<p>F\u00fcr den Inhalt verlinkter Seiten sind ausschlie\u00dflich deren Betreiber verantwortlich.<\/td>\n<\/tr>\n<\/tbody>\n<\/table>\n<table border=\"0\" cellspacing=\"0\" cellpadding=\"0\">\n<tbody>\n<tr>\n<td><img loading=\"lazy\" src=\"https:\/\/tmkg.de\/images\/1pixel.gif\" width=\"1\" height=\"30\" border=\"0\" \/><\/td>\n<\/tr>\n<tr>\n<td>Realisation:<\/td>\n<td>\u00a0\u00a0<a class=\"gruen\">Nikolas Darlath<\/a><\/td>\n<\/tr>\n<tr>\n<td height=\"20\"><\/td>\n<\/tr>\n<\/tbody>\n<\/table>\n<p>&nbsp;<\/p>\n","protected":false},"excerpt":{"rendered":"<p>TM GmbH &amp; Co. KG Elektrische Industrieausr\u00fcstungen Friedrich-List-Allee 66 D-41844 Wegberg-Wildenrath Fon: +49 (0) 2432 &#8211; 49120-0 Fax: +49 (0) 2432 &#8211; 49120-20 E-mail: info@tmkg.de Internet: http:\/\/www.tmkg.de Pers\u00f6nlich haftende Gesellschafterin: TM Verwaltungs GmbH Sitz: Viersen Reg.-Gericht M\u00f6nchengladbach HRB 10696 Gesch\u00e4ftsf\u00fchrer: Peter Janisch Wilfried Mengeler Rechtsform: Kommanditgesellschaft Sitz: Viersen Reg.-Gericht M\u00f6nchengladbach HRA 5528: Ust.Id-Nr.: DE226956742 F\u00fcr [&hellip;]<\/p>\n","protected":false},"author":1,"featured_media":0,"parent":0,"menu_order":0,"comment_status":"closed","ping_status":"closed","template":"","meta":[],"_links":{"self":[{"href":"https:\/\/tmkg.de\/wordpress\/wp-json\/wp\/v2\/pages\/35"}],"collection":[{"href":"https:\/\/tmkg.de\/wordpress\/wp-json\/wp\/v2\/pages"}],"about":[{"href":"https:\/\/tmkg.de\/wordpress\/wp-json\/wp\/v2\/types\/page"}],"author":[{"embeddable":true,"href":"https:\/\/tmkg.de\/wordpress\/wp-json\/wp\/v2\/users\/1"}],"replies":[{"embeddable":true,"href":"https:\/\/tmkg.de\/wordpress\/wp-json\/wp\/v2\/comments?post=35"}],"version-history":[{"count":1,"href":"https:\/\/tmkg.de\/wordpress\/wp-json\/wp\/v2\/pages\/35\/revisions"}],"predecessor-version":[{"id":36,"href":"https:\/\/tmkg.de\/wordpress\/wp-json\/wp\/v2\/pages\/35\/revisions\/36"}],"wp:attachment":[{"href":"https:\/\/tmkg.de\/wordpress\/wp-json\/wp\/v2\/media?parent=35"}],"curies":[{"name":"wp","href":"https:\/\/api.w.org\/{rel}","templated":true}]}}